Let w = -19 - x. Calculate the remainder when w is divided by f.
7
Suppose -10 + 2 = -4*t, 0 = a + t - 12. Calculate the remainder when 8 is divided by (a + -9)/((-2)/(-4)).
0
Let k(q) = q**3 + 5*q**2 + 2*q + 6. What is the remainder when 41 is divided by k(-4)?
13
Let q(g) = -g**3 + 7*g**2 + 9*g - 6. Let x be q(8). Suppose -2*h - 7 = 3*l, -4*l = -h - 5*l - x. Calculate the remainder when (-6 - -3) + h*4 is divided by 1.
0
Suppose -4*j + 22 = -94. Suppose 19 = 4*v - j. Calculate the remainder when v is divided by (-4)/(-2)*10/4.
2
Suppose -2*g - 230 = -4*t, -2*g - 3*t + 0*t = 195. What is the remainder when 2*(g/(-3) - 1) is divided by 23?
22
Suppose 3 = -6*g + 5*g, 90 = 3*j - 5*g. What is the remainder when j is divided by 2/(-4) + 27/2?
12
Suppose -3*k + 2*w + 82 = 0, -5*k + 52 + 85 = -3*w. What is the remainder when 82 is divided by k?
26
Suppose -324 = -4*x + j, -3*j = -j. Calculate the remainder when x is divided by (4/(-6))/(1 - 86/84).
25
Suppose 2*s - 26 = 58. Suppose 0 = -3*r + 6*r - s. Suppose -m + 2*m - 4*g = r, -m + g = -11. What is the remainder when 38 is divided by m?
8
Suppose 0 = -4*f + 2*f + 42. Calculate the remainder when 81 is divided by f.
18
Let h(f) = -f**2 - 10*f - 6. Let u = -18 + 10. Calculate the remainder when 28 is divided by h(u).
8
Let z(c) = c**2 + 13*c + 29. Calculate the remainder when z(-12) is divided by 7.
3
Let a(m) = m**3 - 8*m**2 + 6*m - 5. Let z be a(8). Suppose -4*d = -p, d + z - 10 = 3*p. What is the remainder when p is divided by 7?
5
Suppose 4*x - 22 = 46. What is the remainder when 64 is divided by x?
13
Let d(j) = 4*j**2 - 1. What is the remainder when d(-4) is divided by 246/15 + (-8)/20?
15
Let k = -56 + 127. Calculate the remainder when k is divided by 18.
17
What is the remainder when 12 is divided by ((-10)/4)/(2/(-4))?
2
Let z = 0 - -27. What is the remainder when z is divided by 14?
13
Let l = 22 + 36. What is the remainder when l is divided by 124/6 - 4/6?
18
What is the remainder when 2076/28 + (-1)/(7 + 0) is divided by 20?
14
Let v(w) = w**2 + 5*w + 51. Calculate the remainder when v(-15) is divided by 17.
14
Suppose 17 - 2 = 3*l. Let h = -11 - -22. Suppose -h - 7 = -2*g. What is the remainder when g is divided by l?
4
Suppose 0 = 2*a - 0*a - 110. Suppose -a = -3*n - 4*f, -4*n + 3*n = -2*f - 5. Calculate the remainder when 24 is divided by n.
11
Let h(r) = -r**3 + 7*r**2 + r + 2. Let a(s) = s**2 + 5*s + 1. Let v be a(-6). What is the remainder when 34 is divided by h(v)?
7
Let y = -11 + 14. Suppose y*x = -22 + 169. Calculate the remainder when x is divided by 13.
10
Let x(y) = -y**2 + 5*y + 5. Let s be x(5). Suppose -3*j + 82 = 5*b + s, 3*b = -6. Calculate the remainder when 56 is divided by j.
27
Let x(d) = -d**3 - 4*d**2 - 5*d - 4. Let u be x(-4). Suppose 3*n - 12 = 0, -3*q + 5*n = -u - 9. Calculate the remainder when 42 is divided by q.
12
Let h(m) = -m + 1. Let c(a) = 2*a - 1. Let i(g) = c(g) + 3*h(g). Let s = 0 + 26. What is the remainder when s is divided by i(-5)?
5
Suppose 67 = 5*w - 73. Calculate the remainder when 55 is divided by w.
27
What is the remainder when 75*(-4 + (-52)/(-12)) is divided by 13?
12
What is the remainder when 15/(-2*(-1)/2) is divided by 4?
3
Suppose -5*t - 2*f + 4*f + 190 = 0, f + 185 = 5*t. What is the remainder when 106 is divided by t?
34
Suppose 4 + 24 = 7*j. What is the remainder when 6 is divided by j?
2
Suppose 4 = 2*s + 2*s. What is the remainder when 46/69 - 109/(-3) is divided by -13*(s - 2) + 0?
11
Let x be 10/4*(-1 - -3). Let c = 3 - 0. Suppose -x*q + 27 = s, 0 = 2*s - 4*q - 15 + c. Calculate the remainder when 23 is divided by s.
11
Suppose -q + 79 - 32 = 0. What is the remainder when q is divided by 8?
7
Calculate the remainder when (3*-1 - 1)/(2/(-8)) is divided by 6.
4
Let x be (-35)/(-2) - (-2)/4. Suppose 0 = 3*c - 5*m + 54, 2*c + 2*m = -0*c - 20. Let i = x + c. Calculate the remainder when 13 is divided by i.
3
Let y = 4 + -4. Suppose y = -6*t + 10*t - 188. What is the remainder when t is divided by 10?
7
Let t(a) = a**2 - 14*a + 13. Let l be t(13). Suppose v - 33 = x - l*x, -51 = -2*v - 3*x. What is the remainder when v is divided by 16?
14
Suppose -5*k - 2*w + 27 = 0, 3*k + 2*k = -3*w + 28. What is the remainder when k is divided by (-6)/30 + 21/5?
1
Suppose -2*c + 3*s + 2*s = -24, 4*c + 2*s = 48. What is the remainder when 45 is divided by c?
9
Suppose -4*y = -38 - 6. Calculate the remainder when 30 is divided by y.
8
Let v = -3 - -5. Suppose -17 + v = -3*u. Suppose -3*r = 3*l - 15, u*r = 5*l - l + 25. Calculate the remainder when r is divided by 2.
1
Suppose -5*j = -6 - 19. Suppose -2*x - 3*o + 5 = -74, j*o + 20 = x. Suppose -5*v = -15 - x. What is the remainder when 39 is divided by v?
9
Let b(y) = y**3 + 4*y**2 + y - 2. Let i be b(-3). Suppose -2*s + 4 = -2*v, 3*v + i*s = 5*v + 6. Calculate the remainder when 20 is divided by 2/v*35/(-10).
6
Suppose -5*w = -5*x - 175, 5*w - 4*x + 9*x = 165. What is the remainder when w is divided by 11?
1
What is the remainder when 10/(6/27 - 0) is divided by 16?
13
Let h = 17 - -8. What is the remainder when h is divided by 9?
7
Let x be 1 + (2 + 0 - 3). Suppose 0*m - 4*m + 24 = x. What is the remainder when 11 is divided by m?
5
Let m(n) = n**3 - 5*n**2 + 6*n + 5. Calculate the remainder when 44 is divided by m(4).
5
Suppose 2*t = 6*t + 4*a - 20, -3*a = 4*t - 23. Let o(p) = 6*p - 2. Calculate the remainder when o(t) is divided by 16.
14
Suppose -6*r + r = -5*x + 85, 4*x + 3*r - 89 = 0. Calculate the remainder when 38 is divided by x.
18
Suppose 31 + 122 = 9*p. Calculate the remainder when 33 is divided by p.
16
Suppose 4*s - 32 = 3*l, 4*s = 2*l + 41 - 5. Let b = -2 + s. Calculate the remainder when 16 is divided by b.
7
Suppose 0 = -2*j - 3*j. Let v = -12 - -16. Calculate the remainder when v is divided by (1 - j)*(-18)/(-6).
1
Let f(o) = 2*o**2 + 35*o. What is the remainder when 52 is divided by f(-18)?
16
Suppose 3*w - 27 = 5*d + 97, -4*w + 142 = 5*d. Calculate the remainder when w is divided by 13.
12
Let l = -14 + 33. Suppose 135 = -4*h + 3*v + 570, 4*v + 220 = 2*h. Suppose 0*t + 3*t = h. Calculate the remainder when t is divided by l.
17
Let w = 15 + -6. Let u = w + -5. Let q = 3 - 1. Calculate the remainder when u is divided by q.
0
Let y(p) = 5*p**3 + 1. What is the remainder when 1/2 + 54/4 is divided by y(1)?
2
Let i = 10 + -7. Suppose 0 = i*v - 16 - 53. What is the remainder when 89 is divided by v?
20
Suppose -14 = -r - 3*a, 6*a - 4*a - 8 = 0. Let w = -10 - -56. Suppose 36 = g - r*n, -3*g - n + 62 = -w. What is the remainder when g is divided by 19?
17
Let y be (-9)/6 - (-3)/2. What is the remainder when 23 is divided by 11 - (-1 + y/1)?
11
Suppose 15 = -4*x + 5*j + 52, -5 = j. Let q be 4/14 - (-107)/(-7). Let i = q + 22. What is the remainder when i is divided by x?
1
Let r be (-4)/8 + 3/6. Suppose -a = a - s - 59, r = 2*s + 10. What is the remainder when a is divided by 10?
7
Suppose -340 - 540 = -11*n. Calculate the remainder when n is divided by 9.
8
Let q(w) = -w**3 - 3*w**2 - 2*w - 2. What is the remainder when q(-3) is divided by 4?
0
Let v(i) = 2*i**3 - 5*i + 5. What is the remainder when v(3) is divided by 18?
8
Let x(y) = -14*y. Let v(h) = -h**3 + h**2 - h. Let t be v(1). Calculate the remainder when (-3)/(-2)*(1 - -17) is divided by x(t).
13
Let u = -26 - -37. What is the remainder when 42 is divided by u?
9
Suppose 54 = 6*i - 5*i. Calculate the remainder when i is divided by 19.
16
Suppose 5*s - i = 437, 6*s = s - 3*i + 429. What is the remainder when s is divided by ((-1)/3)/(10/(-660))?
21
Let q(v) = 3*v**2 - v + 4. Calculate the remainder when 24 is divided by q(2).
10
Let d(n) = -5*n**2 - n + 3. Let c be (-27)/12 - 6/8. Let m be d(c). Let s = 16 - m. Calculate the remainder when s is divided by 19.
17
Calculate the remainder when 63 is divided by (-1)/2 + (-455)/(-14).
31
Let c = 92 - 60. Let r = -13 + c. Calculate the remainder when r is divided by 7.
5
Suppose -p = 2*r + 3*r - 33, -p - r = -21. What is the remainder when 34 is divided by p?
16
Suppose 3*x = -5*t + 19, -t - 2*x - 3*x = 5. What is the remainder when (-47)/(-4) + 26/104 is divided by t?
2
Let j = 95 - 17. Let r(d) = 2*d**2 + 11*d - 1. Calculate the remainder when j is divided by r(-7).
18
Calcula